3
What is the greatest common factor of 13983 and 5664?
177
Calculate the highest common divisor of 58 and 1495066.
58
What is the greatest common divisor of 462 and 324555?
231
What is the greatest common divisor of 225813 and 21?
21
Calculate the greatest common divisor of 18360 and 340.
340
What is the highest common factor of 17 and 177871?
17
What is the greatest common divisor of 153869 and 604?
151
Calculate the highest common factor of 92349 and 279.
279
What is the greatest common divisor of 1968 and 6796?
4
What is the greatest common divisor of 274162 and 14?
14
Calculate the highest common factor of 3722873 and 1078.
539
What is the highest common factor of 2070 and 10257885?
1035
What is the greatest common divisor of 84 and 42404?
4
What is the greatest common divisor of 31487 and 148?
37
Calculate the greatest common divisor of 385 and 55660.
55
Calculate the highest common divisor of 446659 and 1143.
127
What is the highest common factor of 5057 and 559?
13
What is the highest common factor of 16 and 11528?
8
What is the greatest common factor of 5250 and 4950?
150
Calculate the greatest common factor of 92172 and 36.
12
What is the greatest common factor of 11583 and 30745?
143
Calculate the greatest common factor of 72 and 911448.
72
Calculate the greatest common divisor of 924 and 1050.
42
What is the greatest common divisor of 28 and 1876427?
7
What is the highest common divisor of 19920 and 1920?
240
Calculate the highest common divisor of 19610 and 2590.
370
Calculate the highest common divisor of 5362 and 322.
14
Calculate the highest common divisor of 10071 and 1566.
27
Calculate the greatest common factor of 2 and 12442.
2
Calculate the highest common factor of 7830 and 16020.
90
What is the highest common divisor of 321 and 386912?
107
Calculate the greatest common divisor of 22592 and 66364.
1412
Calculate the highest common divisor of 5455 and 5.
5
Calculate the highest common divisor of 31077 and 423.
9
Calculate the greatest common factor of 130993 and 87.
29
What is the greatest common factor of 235465 and 10?
5
Calculate the greatest common divisor of 68159 and 13.
13
What is the greatest common divisor of 10456 and 88?
8
What is the greatest common factor of 78089 and 458?
229
What is the greatest common divisor of 2641 and 19?
19
Calculate the greatest common divisor of 122472 and 216.
216
What is the highest common factor of 3178680 and 120?
120
Calculate the greatest common factor of 75112 and 1374.
458
What is the greatest common factor of 178 and 2125231?
89
Calculate the highest common factor of 929210 and 60.
10
What is the highest common factor of 969094 and 140?
14
What is the highest common divisor of 16263000 and 125?
125
Calculate the greatest common divisor of 64 and 4016.
16
What is the highest common divisor of 2240 and 23880?
40
What is the greatest common factor of 984 and 248706?
246
What is the greatest common factor of 19467 and 1253?
7
What is the greatest common factor of 222480 and 2520?
360
What is the highest common factor of 1575 and 109305?
315
Calculate the highest common factor of 318763 and 7947.
883
What is the highest common factor of 1612592 and 12?
4
What is the greatest common divisor of 93 and 377022?
93
What is the highest common divisor of 660 and 700?
20
What is the highest common divisor of 8 and 28768?
8
Calculate the greatest common divisor of 22317 and 135459.
519
What is the highest common factor of 279772 and 460?
92
What is the highest common factor of 77 and 19152?
7
What is the greatest common divisor of 1155 and 4665?
15
Calculate the highest common factor of 25882 and 8.
2
Calculate the highest common factor of 5173 and 161.
7
What is the highest common divisor of 21675 and 19941?
867
Calculate the greatest common divisor of 126660 and 60.
60
Calculate the greatest common divisor of 82 and 22591.
41
What is the highest common factor of 798 and 43764?
42
Calculate the highest common factor of 848673 and 3933.
171
Calculate the highest common divisor of 33 and 15133668.
33
What is the greatest common factor of 183074 and 6453?
239
What is the highest common divisor of 36337 and 35?
7
Calculate the highest common factor of 534 and 12486.
6
Calculate the greatest common divisor of 441 and 3801.
21
Calculate the highest common divisor of 3660363 and 321.
321
Calculate the highest common divisor of 16956 and 180.
36
What is the highest common factor of 1224 and 38250?
306
Calculate the highest common factor of 39 and 170027.
13
Calculate the greatest common divisor of 715020 and 20.
20
What is the greatest common divisor of 21536 and 72?
8
Calculate the greatest common divisor of 665910 and 30.
30
What is the highest common divisor of 56 and 586236?
28
Calculate the highest common factor of 4536 and 5976.
72
Calculate the greatest common factor of 411 and 250436.
137
What is the greatest common divisor of 33438 and 696?
6
What is the greatest common factor of 1780428 and 4068?
1356
What is the greatest common factor of 1648221 and 263?
263
What is the highest common divisor of 3211125 and 25?
25
What is the greatest common divisor of 1941760 and 50320?
2960
What is the highest common factor of 15820 and 37290?
1130
Calculate the greatest common divisor of 10026 and 162.
18
What is the greatest common factor of 508198 and 34?
34
Calculate the highest common divisor of 55110 and 15364.
334
What is the greatest common divisor of 799 and 846?
47
What is the highest common factor of 2456 and 466?
2
Calculate the highest common divisor of 2236 and 110252.
172
Calculate the highest common factor of 1088646 and 3978.
1326
Calculate the highest common factor of 166970 and 290.
10
What is the highest common divisor of 33326 and 152?
38
What is the highest common divisor of 158250 and 90?
30
What is the highest common divisor of 10485 and 90?
45
Calculate the highest common factor of 33254 and 94.
2
What is the highest common divisor of 560 and 24320?
80
Calculate the highest common divisor of 6 and 977376.
6
What is the highest common divisor of 120 and 507210?
30
What is the greatest common divisor of 2622 and 7841091?
1311
What is the greatest common factor of 1817 and 29923?
23
What is the highest common factor of 108 and 16956?
108
Calculate the greatest common factor of 683775 and 11143.
1013
Calculate the highest common divisor of 1080 and 74990.
10
Calculate the highest common factor of 2340 and 570.
30
What is the greatest common factor of 221852 and 148?
148
What is the greatest common divisor of 400 and 78800?
400
Calculate the greatest common factor of 3610 and 44441.
19
Calculate the greatest common factor of 200 and 16850.
50
What is the greatest common divisor of 938 and 14193347?
469
What is the highest common factor of 1500 and 139470?
30
What is the greatest common divisor of 4704 and 162672?
48
What is the greatest common factor of 115483 and 69?
23
Calculate the highest common factor of 663 and 256217.
13
What is the greatest common factor of 580 and 43645?
145
Calculate the highest common factor of 140469 and 357.
21
What is the highest common divisor of 5814 and 10260?
342
Calculate the highest common factor of 43446 and 273.
39
Calculate the highest common divisor of 31 and 95573.
31
Calculate the highest common divisor of 104264 and 12.
4
Calculate the highest common divisor of 14 and 971432.
14
What is the greatest common divisor of 54 and 480?
6
What is the greatest common divisor of 114 and 2655668?
38
Calculate the greatest common divisor of 40 and 41816.
8
Calculate the greatest common factor of 39372 and 29172.
204
What is the highest common factor of 2843748 and 134?
134
What is the highest common divisor of 245 and 1584072?
49
What is the greatest common divisor of 118 and 176292?
118
What is the greatest common divisor of 1438731 and 189?
63
What is the greatest common divisor of 23307 and 969?
51
Calculate the greatest common factor of 6822 and 24.
6
What is the highest common divisor of 64193 and 69?
23
What is the highest common factor of 11221 and 2519?
229
What is the greatest common factor of 18 and 6547518?
18
What is the highest common divisor of 1467 and 8639?
163
Calculate the highest common factor of 905 and 190231.
181
What is th